Suppose -479 + 39 = -d*b - 5*h, -4*b = h - 358. Calculate the remainder when b is divided by 23.
21
Calculate the remainder when 178 is divided by 13 + (3 - (-3 - -4)).
13
Suppose 17 - 7 = 5*w. Suppose 25 = w*b + 17. Calculate the remainder when 16 is divided by b.
0
Let s = -233 - -240. What is the remainder when 87 is divided by s?
3
Suppose 5*f = -59*d + 54*d + 95, 0 = -4*d + 3*f + 90. Calculate the remainder when d is divided by 7.
0
Let j be (7/(-3))/(3/(-108)). Suppose -j = -2*o - 2. Calculate the remainder when o is divided by (14 - 3)*(-3 + 4).
8
Suppose 4*p + g + 9 - 60 = 0, 5*p + 5*g - 45 = 0. What is the remainder when (-33)/(-7) - (-4)/14 is divided by 0 + 2 - (p + -14)?
1
Suppose 0 = 5*g - 0*g - 10. Suppose 2*d + 32 - 190 = 0. Calculate the remainder when d is divided by 40/6*6/g.
19
Suppose -v - 8 = 2*m, 4*v + 0*m - 12 = 3*m. Suppose v = 2*x - 25 - 33. What is the remainder when 115 is divided by x?
28
Let w = -94 - -102. What is the remainder when 39 is divided by w?
7
Let t be 1*(2 - 31 - 0). Let g = t + 33. Suppose g*w - 3*w - 81 = 0. What is the remainder when w is divided by 21?
18
Let c = 1394 - 1388. Calculate the remainder when 119 is divided by c.
5
Suppose -2*l + 21 = 4*u + 3*l, 5*u = 4*l + 16. Let o = 701 + -682. Calculate the remainder when o is divided by u.
3
Let g = -80 + 118. What is the remainder when 69 is divided by g?
31
Suppose -10*i = -8*i - 768. Calculate the remainder when i is divided by 11.
10
Suppose 0 = -3*i + 15, -9*p - 3*i + 327 = -7*p. Calculate the remainder when p is divided by 33.
24
Let c(o) = -o**3 + 15*o**2 - 14*o + 4. Let h be c(14). Let l(v) = 2*v. What is the remainder when l(h) is divided by (10/(-4))/((-2)/4)?
3
Suppose -3*a - 6 = -0*a. Let y(r) = r**3 + 8*r**2 - 27. Calculate the remainder when y(-7) is divided by 18*(12/(-9) - a).
10
Suppose 5*r + 0*n = 4*n + 117, 0 = 5*r - 3*n - 119. Suppose u - r = -4*u - 5*g, 4*g - 8 = -u. What is the remainder when 13 is divided by u?
1
Let y(m) = -m**2 - 10*m + 22. Let h be y(-13). Calculate the remainder when (-134)/(-17) - (0 - (-2)/h) is divided by 5.
3
Let d = 112 - 93. Suppose 0 = 15*r - d*r + 120. Calculate the remainder when 147 is divided by r.
27
Suppose 0 = -55*s + 56*s - 12. Calculate the remainder when 46 is divided by s.
10
Suppose 5*f - 5 = -5*c, f - 5*f = -3*c + 38. Let l be (-59)/2*(2 + -3 - 1). Let m = l - 36. What is the remainder when m is divided by c?
5
Suppose 0 = -18*j + 45*j - 2133. Calculate the remainder when j is divided by 4/6 + (-276)/(-18).
15
Suppose j = 2*j - 8. Let z = -18 + -2. Calculate the remainder when (z/6)/(-5) + (-575)/(-15) is divided by j.
7
Let r = 56 + -24. Suppose 5*h = 2*h + c + r, 0 = -3*h - 5*c + 2. What is the remainder when 49 is divided by h?
4
Suppose 73 + 31 = -2*m. Let k be ((-17)/3)/(6/36). Let h = k - m. Calculate the remainder when h is divided by 5.
3
Suppose j + 0 - 4 = 0, 4*j = -u + 80. Let z(x) = -3*x**3 + 3*x**2 - 4*x - 11. What is the remainder when u is divided by z(-2)?
31
Suppose 0 = -17*l + 3*l + 9002. Calculate the remainder when l is divided by 54.
49
Let l(t) = -t**2 + 41*t - 122. Calculate the remainder when 69 is divided by l(37).
17
Suppose -14 + 5 = -v. Calculate the remainder when 10 is divided by (v/6)/(7/14).
1
Let a be (-14 - -208)/(-1 - 1). Let r = -90 - a. What is the remainder when r is divided by 5?
2
Suppose 39*t = 44*t + 20. Let j = 14 - t. What is the remainder when 51 is divided by j?
15
Suppose -22*p + 206 = -212. What is the remainder when 57 is divided by p?
0
Suppose -36*j + 616 = -68. Calculate the remainder when 43 is divided by j.
5
Suppose 0 = 4*y + 5*n + 5, 2*n = -3*y - 3*n - 10. Suppose -4*i = y - 9. Calculate the remainder when i is divided by 1.
0
Calculate the remainder when ((-163890)/(-225))/(6/10) is divided by 32.
30
Suppose 13*c - 32*c = -3325. What is the remainder when c is divided by 45?
40
Let u(o) = -o**3 - 2*o**2 - 13*o - 15. What is the remainder when u(-5) is divided by 43?
39
Suppose -o + r = -23, -1 - 2 = 3*r. Calculate the remainder when 28 is divided by o.
6
Suppose 35*o = 213 + 382. Calculate the remainder when 75 is divided by o.
7
Let d = 3 + 1. Let f = 8 - 6. Suppose -34 = -3*g - f*h, -g + 3*g - 5*h = 10. Calculate the remainder when g is divided by d.
2
Suppose 1 = -4*c + 197. Let z(q) = q**3 - 2*q + 25. Calculate the remainder when c is divided by z(0).
24
Suppose -3*d = 4*w - 247, -3*w + 86 + 80 = 2*d. What is the remainder when d is divided by 18?
5
Let x(f) = 18*f + 137. What is the remainder when 65 is divided by x(-6)?
7
Suppose 3*t = -2*w + 277, w - 3*t + 7*t = 131. What is the remainder when w is divided by 48?
47
Let b(q) = q**3 + 8*q**2 - 9*q + 1. Let k be b(-9). Let u be 3/2 + (-5)/(-10). What is the remainder when 50 is divided by 21/3*u - k?
11
Let n = -34 + 45. Calculate the remainder when 31 is divided by -12*(3 - n/3).
7
Suppose g = 26 + 72. Suppose 7*o + 0*o = g. What is the remainder when 152 is divided by o?
12
Suppose 2*w = 14 + 4. Suppose 5*t - 353 = -2*z, 2*t - 2*z = -2*t + 268. What is the remainder when t is divided by w?
6
Let b(q) = -q**2 - 4*q + 1. Let l = 13 + -16. Let s be b(l). Suppose -s*g - 2*v = -46, 0 = -4*g + 3*v + 28 + 23. What is the remainder when 44 is divided by g?
8
Let a = 16 + -10. Suppose 0*j = r + 4*j - 5, 2*j = -a. Calculate the remainder when -130*(0 + (-2)/4) is divided by r.
14
Let q = -345 + 648. Let n = q - 155. Suppose -4*k - a = 4*a - 199, n = 3*k + 5*a. What is the remainder when k is divided by 13?
12
Let q(b) = 2*b**3 + b + 199. Calculate the remainder when q(0) is divided by 20.
19
Suppose 3*p = 3*t + 160 + 68, -3*p - 5*t = -252. What is the remainder when p is divided by 68?
11
Suppose -19*q = q - 1200. What is the remainder when 477 is divided by q?
57
Suppose -5*m + 335 = -6*x + 11*x, 2*x + 221 = 3*m. Calculate the remainder when m is divided by 18.
17
Suppose -5*h + b - 42 = 0, 4*h - 5*b + 3 + 18 = 0. Let r = 9 + h. Let x(s) = s**3 + s**2 - s + 21. Calculate the remainder when 62 is divided by x(r).
20
Suppose 2*y = 3 + 3. Suppose -6*t + y = -3. Let u(a) = 11*a - 1. Calculate the remainder when 17 is divided by u(t).
7
Suppose 0*r - r = -17. Suppose -24*q = -r*q - 105. What is the remainder when 74 is divided by q?
14
Let p(r) be the first derivative of -37*r**2/2 + r - 15. What is the remainder when p(-1) is divided by 14?
10
Let d(s) = -2*s + 19. Let q be d(9). Let w(m) = -m**3 + 6*m**2 - 3*m - 6. What is the remainder when 200/14 - q - (-30)/(-105) is divided by w(5)?
1
Suppose -5*c - 123 = 402. Let k = c - -116. What is the remainder when 35 is divided by k?
2
Let x(w) = -w**2 - 7*w + 27. Let a = 8 - -26. Calculate the remainder when a/12*3*2 is divided by x(-9).
8
Let p(l) = -l**2 - 7*l - 4. Let w be p(-5). Suppose -10 = -f + 1. Calculate the remainder when f is divided by 90/5*2/w.
5
Suppose 12*y - 4*r - 47 = 11*y, 3*y = 5*r + 141. Calculate the remainder when 87 is divided by y.
40
Suppose 20 = 2*i - 4*u, i + 2*u + 8 = -2. Suppose -4*q + i*q = -3*s - 115, 3*q + 3*s = 102. Calculate the remainder when q is divided by (-51)/12*(4 + 0)*-1.
14
Let o = -101 - -149. What is the remainder when o is divided by 25?
23
Suppose -8*u - 6 = -9*u. Let l be (-52)/(1*(-3)/u). Suppose -4*s + 84 + l = 0. What is the remainder when s is divided by 16?
15
Suppose 12*j - 2465 = -557. What is the remainder when j is divided by 72?
15
Suppose -30*d = -3104 - 3436. What is the remainder when d is divided by 23?
11
Let w(g) = -g**3 - 34*g**2 + 36*g + 59. Calculate the remainder when w(-35) is divided by 8.
0
Let u(f) = 19*f**2 + 10*f - 55. Calculate the remainder when u(3) is divided by 10.
6
Let q = -493 + 518. Calculate the remainder when q is divided by 10.
5
Suppose -f = -0*f + 196. Let o = f - -306. What is the remainder when o is divided by 37?
36
Let r(j) be the first derivative of 3*j**2/2 - 7*j - 16. Suppose -18 = -0*t - 3*t. What is the remainder when 42 is divided by r(t)?
9
Let c = 553 - 539. Calculate the remainder when 601 is divided by c.
13
Suppose -3*b = 21 - 87. Calculate the remainder when 744 is divided by b.
18
What is the remainder when 58 is divided by (15 - 17)/((-2)/22)?
14
Suppose 1593 = 3*s - 42. What is the remainder when s is divided by 79?
71
Let h(r) 